t of 6165?
1
What is the hundreds digit of 48398?
3
What is the units digit of 1053?
3
What is the hundreds digit of 3195?
1
What is the ten thousands digit of 27334?
2
What is the tens digit of 6863?
6
What is the ten thousands digit of 78792?
7
What is the tens digit of 1589?
8
What is the tens digit of 4012?
1
What is the hundreds digit of 10774?
7
What is the hundreds digit of 512?
5
What is the units digit of 2512?
2
What is the units digit of 594?
4
What is the thousands digit of 12639?
2
What is the tens digit of 874?
7
What is the tens digit of 94898?
9
What is the units digit of 8528?
8
What is the units digit of 1768?
8
What is the hundreds digit of 146?
1
What is the tens digit of 1375?
7
What is the thousands digit of 1962?
1
What is the units digit of 10?
0
What is the tens digit of 144184?
8
What is the thousands digit of 2571?
2
What is the units digit of 13282?
2
What is the hundreds digit of 18309?
3
What is the units digit of 4082?
2
What is the hundreds digit of 116428?
4
What is the thousands digit of 14134?
4
What is the thousands digit of 6561?
6
What is the units digit of 25353?
3
What is the ten thousands digit of 14890?
1
What is the thousands digit of 1367?
1
What is the hundreds digit of 372?
3
What is the units digit of 74739?
9
What is the ten thousands digit of 25572?
2
What is the thousands digit of 3487?
3
What is the hundreds digit of 17272?
2
What is the tens digit of 8741?
4
What is the thousands digit of 119993?
9
What is the ten thousands digit of 39076?
3
What is the units digit of 35622?
2
What is the units digit of 755?
5
What is the hundreds digit of 1818?
8
What is the tens digit of 800?
0
What is the units digit of 18656?
6
What is the units digit of 8654?
4
What is the thousands digit of 1305?
1
What is the thousands digit of 1599?
1
What is the units digit of 2610?
0
What is the units digit of 7200?
0
What is the tens digit of 2263?
6
What is the hundreds digit of 1506?
5
What is the tens digit of 121?
2
What is the hundreds digit of 800?
8
What is the hundred thousands digit of 138474?
1
What is the tens digit of 7987?
8
What is the units digit of 21029?
9
What is the tens digit of 163?
6
What is the thousands digit of 94415?
4
What is the ten thousands digit of 33760?
3
What is the hundreds digit of 308?
3
What is the hundreds digit of 40679?
6
What is the tens digit of 1313?
1
What is the thousands digit of 5619?
5
What is the hundreds digit of 28523?
5
What is the units digit of 78592?
2
What is the units digit of 41218?
8
What is the thousands digit of 3641?
3
What is the hundreds digit of 643?
6
What is the hundreds digit of 1739?
7
What is the tens digit of 24469?
6
What is the tens digit of 90?
9
What is the thousands digit of 4518?
4
What is the tens digit of 8620?
2
What is the hundreds digit of 623?
6
What is the thousands digit of 1435?
1
What is the tens digit of 10908?
0
What is the hundreds digit of 7506?
5
What is the hundreds digit of 136?
1
What is the units digit of 6165?
5
What is the hundreds digit of 927?
9
What is the hundreds digit of 2030?
0
What is the units digit of 3627?
7
What is the hundreds digit of 26466?
4
What is the tens digit of 2924?
2
What is the hundreds digit of 26303?
3
What is the units digit of 46159?
9
What is the units digit of 7631?
1
What is the ten thousands digit of 14288?
1
What is the thousands digit of 8181?
8
What is the units digit of 557?
7
What is the tens digit of 853?
5
What is the thousands digit of 7848?
7
What is the units digit of 442?
2
What is the tens digit of 1340?
4
What is the tens digit of 74738?
3
What is the units digit of 22190?
0
What is the hundreds digit of 4009?
0
What is the tens digit of 3409?
0
What is the units digit of 725?
5
What is the units digit of 18815?
5
What is the tens digit of 9787?
8
What is the units digit of 11073?
3
What is the thousands digit of 2104?
2
What is the ten thousands digit of 13460?
1
What is the hundreds digit of 390?
3
What is the thousands digit of 9245?
9
What is the hundreds digit of 465?
4
What is the tens digit of 295?
9
What is the tens digit of 43589?
8
What is the thousands digit of 61676?
1
What is the thousands digit of 18658?
8
What is the units digit of 755?
5
What is the units digit of 1211?
1
What is the thousands digit of 13914?
3
What is the thousands digit of 1739?
1
What is the ten thousands digit of 15459?
1
What is the hundreds digit of 1412?
4
What is the units digit of 660?
0
What is the thousands digit of 25043?
5
What is the hundreds digit of 1849?
8
What is the tens digit of 458?
5
What is the hundreds digit of 2751?
7
What is the ten thousands digit of 26280?
2
What is the units digit of 888?
8
What is the thousands digit of 33500?
3
What is the tens digit of 518?
1
What is the thousands digit of 32527?
2
What is the thousands digit of 63512?
3
What is the thousands digit of 98175?
8
What is the units digit of 999?
9
What is the thousands digit of 41203?
1
What is the ten thousands digit of 11134?
1
What is the tens digit of 8311?
1
What is the tens digit of 7745?
4
What is the tens digit of 1112?
1
What is the ten thousands digit of 11231?
1
What is the tens digit of 37339?
3
What is the thousands digit of 2267?
2
What is the units digit of 5466?
6
What is the units digit of 253?
3
What is the thousands digit of 186096?
6
What is the units digit of 11977?
7
What is the tens digit of 983?
8
What is the thousands digit of 2496?
2
What is the units digit of 6603?
3
What is the hundreds digit of 792?
7
What is the thousands digit of 13596?
3
What is the units digit of 1429?
9
What is the ten thousands digit of 10172?
1
What is the tens digit of 88?
8
What is the units digit of 572?
2
What is the tens digit of 3078?
7
What is the units digit of 74688?
8
What is the tens digit of 14294?
9
What is the thousands digit of 2260?
2
What is the tens digit of 20395?
9
What is the tens digit of 968?
6
What is the tens digit of 462?
6
What is the tens digit of 17399?
9
What is the hundreds digit of 82517?
5
What is the hundreds digit of 1289?
2
What is the ten thousands digit of 110073?
1
What is the tens digit of 4745?
4
What is the thousands digit of 5554?
5
What is the hundreds digit of 87773?
7
What is the units digit of 1711?
1
What is the tens digit of 82980?
8
What is the hundreds digit of 1122?
1
What is the units digit of 4837?
7
What is the tens digit of 1128?
2
What is the units digit of 458?
8
What is the hundreds digit of 1866?
8
What is the hundreds digit of 5988?
9
What is the thousands digit of 9512?
9
What is the tens digit of 68659?
5
What is the tens digit of 768?
6
What is the units digit of 6459?
9
What is the thousands digit of 97705?
7
What is the hundreds digit of 1075?
0
What is the tens digit of 50534?
3
What is the units digit of 52457?
7
What is the thousands digit of 52969?
2
What is the tens digit of 5181?
8
What is the thousands digit of 21795?
1
What is the units digit of 73181?
1
What is the units digit of 9873?
3
What is the units digit of 7156?
6
What is the tens digit of 657?
5
What is the units digit of 13205?
5
What is the units digit of 25646?
6
What is the thousands digit of 3487?
3
What is the tens digit of 8124?
2
What is the units digit of 61?
1
What is the thousands digit of 3456?
3
What is the units digit of 24?
4
What is the tens digit of 428?
2
What is the tens digit of 8627?
2
What is the thousands digit of 6311?
6
What is the thousands digit of 4798?
4
What is the hundreds digit of 2701?
7
What is the tens digit of 915?
1
What is the units digit of 157730?
0
What is the units digit of 2870?
0
What is the tens digit of 1961?
6
What is the hundreds digit of 481?
4
What is the tens digit of 140277?
7
What is the thousands digit of 14305?
4
What is the tens digit of 494?
9
What is the units digit of 4081?
1
What is the ten thousands digit of 31504?
3
What is the ten thousands digit of 28409?
2
What is the thousands digit of 6476?
6
What is the units digit of 705?
5
What is the thousands digit of 5796?
5
What is the units digit of 8961?
1
What is the tens digit of 715?
1
What is the units digit of 5118?
8
What is the thousands digit of 56584?
6
What is the units digit of 6775?
5
What is the hundreds digit of 1404?
4
What is the ten